 (2 + -1 - (5 + -3)).
-1
Calculate 4 - (0 - (7 - (5 - -1))).
5
What is 1 + -3 + 3 - (3 - 1)?
-1
Evaluate -6 + 14 - (16 - 3).
-5
(4 - 1 - 0) + -7
-4
-9 - -13 - (1 + 1 - 0)
2
Evaluate 2 + 1 + (5 - (1 + 9)).
-2
What is the value of 10 + -1 + (8 - (27 - 17))?
7
Calculate -1 - -3 - (-17 - -15).
4
Calculate -1 - (6 - 5) - (1 - -1).
-4
Calculate (-4 - (-3 - -3)) + 4.
0
-3 - -3 - (-1 + 5 - 2)
-2
What is the value of 7 + -2 + -7 + 4 + 0?
2
Evaluate 4 - (-1 - (-4 - -2)) - -2.
5
Evaluate 1 + -4 - -3 - -4.
4
What is -4 + (5 - (-7 - -11))?
-3
(0 - -6) + (-1 - -3 - 5)
3
Evaluate 4 - (4 - 5) - 0.
5
Evaluate 1 + -1 + (0 - (-3 + 5)).
-2
What is (-4 - 1) + -3 - (-3 - 3)?
-2
What is the value of 0 - (6 - (-8 + 7))?
-7
Calculate 6 + (-12 - -5) + 1.
0
Evaluate 6 + (-1 - 2) + -5 + 0.
-2
What is (2 - 2) + 0 + (-50 - -47)?
-3
What is -6 - (-5 + (-12 - (3 - 9)))?
5
Calculate 0 - 8 - (-13 + 4 - -5).
-4
Evaluate 1 + (2 - -4) + (-167 - -168).
8
Evaluate -8 - (0 - (6 - 3)).
-5
Calculate -1 + (-1 - -5) + -28 + 28.
3
What is -6 + (0 - -2) + -1?
-5
0 - (-6 - -10) - (0 + -2)
-2
Calculate -4 + (-4 - (-7 + 0 - 11)).
10
Calculate 7 + (-4 - -4 - (1 - -3)).
3
-9 - -19 - (9 - 0)
1
-3 - 0 - (8 - 1 - 5)
-5
Calculate -5 - ((-6 - -11) + -13).
3
Evaluate 5 - (-10 - -17) - (-10 - -1).
7
Calculate 1 - (2 - 5) - (-3 - -3).
4
Evaluate (-2 - 5 - -3) + 6 - 9.
-7
Evaluate 5 - 7 - 3 - -5.
0
-5 + -5 + 3 - (-3 + -4)
0
What is the value of 2 + (0 - -4) + -1?
5
What is the value of 16 + (-1 - 5) + -13?
-3
What is the value of -2 + 5 + -6 + 7 - -4?
8
What is the value of -8 - -10 - (4 - 4)?
2
What is the value of 2 - (2 - (-1 - (-4 - 0)))?
3
Evaluate -1 + 2 + (-6 - (2 - 2)).
-5
What is the value of 1 - (2 - 0) - (-3 - -4)?
-2
What is the value of (-13 - (1 + -5)) + 7?
-2
Calculate (-80 - -80) + 1 + 4.
5
Evaluate 1 + 4 - -2 - 2 - 8.
-3
Calculate 4 - -1 - 8 - -3.
0
What is the value of (-18 - (-7 + 2) - -7) + 14?
8
Evaluate 5 - ((1 - 3) + (-27 - -36)).
-2
What is the value of (-3 - (6 + -16)) + -3?
4
-11 - (-5 - (-6 - -2 - -4))
-6
-1 + 13 + -28 + 9
-7
What is -1 + -4 + 12 - (-4 - -5)?
6
What is -4 - (4 - 2) - -10?
4
Evaluate (-5 - 5) + 4 + 1 + 0.
-5
Calculate -9 + 13 - (-2 - -1).
5
What is 6 - (10 + -21 - -13)?
4
What is 1 + 3 + -3 + 3?
4
What is 0 + (1 - 4) + 4?
1
Evaluate -11 + (-3 - (-6 - 3)).
-5
Evaluate 6 - (10 - (1 - -2)).
-1
What is the value of 0 + (1 - -7) - (3 - 0)?
5
4 + -15 + (8 - (-8 - -16))
-11
What is 6 + 0 + (-6 - -4)?
4
What is (9 - 21) + (7 - 2)?
-7
Evaluate 3 + 0 + 0 + (5 - 5).
3
Evaluate -3 - (-1 + -4) - (1 - -3).
-2
What is (-5 - 1) + 12 + (18 - 24)?
0
Evaluate (13 - 8 - (-5 + 8)) + -7.
-5
(5 - 1) + (-9 - (-7 + 7))
-5
Evaluate 0 - (1 - (-3 - -2)).
-2
Evaluate 0 + -2 - (-9 - (-7 + -8)).
-8
Evaluate (4 - -2) + -5 + (-3 - -5).
3
Evaluate 6 - ((-4 - 3) + 7 - -2).
4
(21 - 20) + 0 + -2 + 0
-1
Calculate -6 - ((9 - 8 - 10) + 8).
-5
What is the value of 2 + (11 - 10 - 9)?
-6
Calculate -3 + 9 - (3 + 0 - 2).
5
Evaluate (29 - 15) + (1 - 9).
6
Evaluate -9 + (0 - -1) - -13.
5
1 + (2 - (6 + -9))
6
What is the value of 1 + 0 + -12 + 8 + 2?
-1
Calculate 1 + 0 + (10 - (8 + -1)).
4
Evaluate (-3 - -3) + 1 - (0 + 0).
1
What is -2 + 1 + 3 + (0 - 1)?
1
1 - -1 - 6 - -3
-1
What is the value of (9 - 0) + (-23 - -18) + -2?
2
What is the value of -1 + (1 - 3) - 2?
-5
-8 + 5 + -3 + 1
-5
-1 + 1 - (0 - 1)
1
-4 + -2 + -1 + 7
0
What is -1 - (8 + -5 + -2)?
-2
Calculate (-2 - -5 - 7) + (1 - -3).
0
What is (5 - 2) + -4 + 1 + -2?
-2
What is the value of (-10 - -5) + 1 + -1?
-5
What is the value of -2 + (5 - (1 - -5))?
-3
(-5 - -2) + (-3 - (0 + -2))
-4
What is 0 - (-2 - (3 - 7 - -3))?
1
Evaluate -15 + (9 - 0) - -2.
-4
What is (0 - 1) + (2 - -4) - 2?
3
Evaluate 8 - 14 - ((0 - 2) + 1).
-5
What is the value of (10 + -8 - (6 - 1)) + 5?
2
53 - 47 - (11 + 1)
-6
Calculate -3 + 6 - (6 + -5).
2
Calculate (1 - 1) + -16 + 22 + -1.
5
Calculate 9 + -13 - (-3 + -1).
0
Calculate 3 + -3 + -2 + (-1 - 0).
-3
What is the value of 0 + (-3 + 4 - -1) + -7?
-5
What is the value of (6 - 6) + 1 - (1 + 4)?
-4
Calculate (-5 - (-1 - (-4 - -6))) + -4.
-6
What is -6 + 8 + 2 + -2 + -3?
-1
-5 + 4 + (2 - 1)
0
What is ((-3 - -4) + 0 - -1) + 2?
4
5 + -3 + -2 - 2
-2
Calculate (-2 - 1) + 2 + 3.
2
What is the value of 8 - 13 - (2 + (-11 - -1))?
3
Calculate (-43 + 48 - (-1 + 1)) + 1.
6
What is the value of (-3 - (1 + -1)) + (-14 - -19)?
2
(2 - (10 + -7)) + 11
10
What is the value of (1 + -3 + 6 - -10) + -6?
8
Evaluate 7 - ((9 + -4 - 3) + 2).
3
-17 + 17 + -2 + 1
-1
Evaluate 2 - (-1 - (1 + -5)).
-1
(2 - -2) + 3 - 5
2
What is the value of -14 - -6 - (-4 - (0 + -2))?
-6
Calculate -3 + 1 + -3 + 6 + 4.
5
1 - 0 - (8 + -12)
5
Calculate (-5 - -3) + -10 + 12.
0
What is the value of 4 + 0 - (-6 + 13 - 8)?
5
Evaluate 2 + (-3 + 2 + -2 - -3).
2
What is (5 - 20) + (30 - 16)?
-1
What is the value of 0 - -2 - 3 - 4?
-5
Evaluate 6 + (-8 + 3 - -4).
5
What is the value of 3 + (4 - 10) + 3?
0
Evaluate -6 + 5 + -4 + 5.
0
What is the value of -7 - ((-9 - 6) + 6 - -3)?
-1
What is the value of 1 + -1 - 2 - (-24 + 20)?
2
(6 - 1) + -9 + 13 + -8
1
What is the value of -1 - (-1 + 4 - 1)?
-3
Calculate (-31 - 8 - -23) + (-1 - -7).
-10
Evaluate (-3 - -5 - -1) + -4.
-1
What is (-4 - -2) + -40 + 43?
1
What is the value of (5 - 11) + 0 + 2?
-4
Calculate -2 - 1 - ((-8 - -1) + 3).
1
Evaluate 2 + -4 - (-1 - -1).
-2
What is the value of 3 + 0 + -3 + (2 - 6)?
-4
What is (-1 - 2 - -1) + (-14 - -10)?
-6
What is 7 - 7 - ((1 - 1) + -6)?
6
What is 4 - 1 - ((-3 - -7) + -2)?
1
What is 9 - (-13 + 28 + 3)?
-9
What is the value of (-4 - -8) + -9 + (-2 - 1)?
-8
What is the value of (-3 - 9) + 2 - (-36 - -29)?
-3
Calculate 2 + 3 + (-6 - -6).
5
1 + -2 - (2 + -1) - -3
1
What is the value of -10 + 14 + (6 - 15)?
-5
-3 + 12 + (7 - 13)
3
What is 2 - (-1 + -5 + 9)?
-1
What is the value of (-5 - -12) + -2 + -10?
-5
What is -1 + 5 + (-3 - (17 + -17))?
1
Calculate -8 - -7 - -7 - 6 - 4.
-4
(0 - 14) + -29 + 37
-6
Calculate (2 - -2) + 6 + -11 + 7.
6
What is 4 + -11 + 1 + 2?
-4
Evaluate 2 + -3 + 4 + (-2 - -3).
4
What is 0 + (0 - -1) - (-16 + 15)?
2
Evaluate -4 + -11 + 19 + 2 + -2.
4
Calculate -1 + (-8 - -2) + -1 + 4.
-4
What is the value of -2 + (-4 - (-2 + 11 + -7))?
-8
-1 + 3 - (5 - (12 + -4))
5
-2 - (-5 + 9 - 3)
-3
What is (-3 - (5 + 1)) + 6?
-3
Evaluate (3 - 7) + 5 + -1 + -4.
-4
Calculate 0 + 0 - (14 + -19 + 5).
0
What is (-7 - -12) + 1 - 2?
4
What is the value of -1 - 3 - (-5 - -2) - -3?
2
What is 1 - -3 - (4 - -4)?
-4
6 + (-7 - -3) + 4
6
Evaluate 541 + -538 + 2 + (2 - 1).
6
Calculate 28 - 25 - (2 + 3).
-2
-8 - (-4 + -12 + 9)
-1
Calculate -4 - (-19 + 8) - 2.
5
Evaluate (2 - 1 - (-25 - -26)) + 5.
5
-2 - (-7 - 3) - (4 - 1)
5
Evaluate (-18 - (-8 + -17)) + (1 - -1).
9
Evaluate (8 - (1 + (-4 - -5))) + -1.
5
What is the value of -1 + 2 - (-3 - -7)?
-3
Calculate 1 + 3 - ((-3 - -2) + 1).
4
5 + (2 - (-5 - -8)) + -6
-2
Evaluate 0 - (6 - (11 - 7)).
-2
Evaluate (6 - (-6 + (21 - 3))) + -2.
-8
Calculate -4 - (-8 + 4 + -1 + -1).
2
What is the value of -18 + 7 + 15 + -7 + 0?
-3
What is the value of -5 - (2 - (1 - -6))?
0
What is the value of 3 + -12 - 0 - -5?
-4
Calculate -15 + (6 + -3 - -5).
-7
Calculate 0 + -4 + -1 + (-5 - -13).
3
Calculate 4 + (-27 - -25) + -5 + 1.
-2
What is the value of 4 + (-4 - 0 - (0 + 2))?
-2
Calculate -6 + (-1 - -4 - (8 + -14)).
3
(8 - (0 - -2)) + (-5 - -2)
3
Calculate 7 + -30 - -12 - -2.
-9
Calculate 2 + -1 + 0 + -4.
-3
Evaluate 2 + 0 + (-72 - -68).
-2
-5 + 6 + -2 + -1 + 3
1
Evaluate (-2 - 2 - -1) + -5 + 4.
-4
Evaluate (2 - 0) + -1 + -5 + -5.
-9
Evaluate (0 - -1) + 3 + 2.
6
What is the value of -6 - (-1 + 1 + -12)?
6
Evaluate (-2 - (-1 + 2)) + 0 + -4.
-7
What is the value of 2 - 10 - (3 - 2)?
-9
What is the value of -6 + (11 - (8 + -5))?
2
Calculate 3 + 1 + (-25 - 11) + 29.
-3
What is 0 - -5 - (8 + -3)?
0
What is the value of (20 - 5) + -9 - -1?
7
Calculate 3 + -5 + 2 - 0.
0
What is the value of 3 + 8 + -3 + (4 - 5)?
7
What is 1 + -1 - ((-1 - 6) + 4)?
3
Calculate -17 - -27 - (1 - -5).
4
Evaluate -2 + 10 - (-9 - -13).
4
What is 0 - 9 - (-106 - -96)?
1
What is the value of 5 - (6 - (-5 + 11))?
5
-5 - (2 - (3 + 1 + -1))
-4
Calculate 4 + -19 + 4 + 6 - 0.
-5
(-6 + -5 - -19) + (2 - 8)
2
Evaluate -3 - 7 - (-24 + 7).
7
-2 + -3 + (0 - -6)
1
32 + (-10 - 1) + -13
8
Evaluate 5 + -3 + (-3 - 1).
-2
Evaluate 30 +